{"id":153,"date":"2016-03-28T15:01:57","date_gmt":"2016-03-28T15:01:57","guid":{"rendered":"http:\/\/canserrat.org\/?page_id=153"},"modified":"2026-02-27T15:08:01","modified_gmt":"2026-02-27T15:08:01","slug":"team","status":"publish","type":"page","link":"https:\/\/canserrat.org\/es\/about\/team","title":{"rendered":"El equipo"},"content":{"rendered":"<strong>SOPHIE BLAIS<\/strong> _ <span style=\"font-weight: 400;\">Direcci\u00f3n general i art\u00edstica<\/span><\/p>\n<p><strong>GEORGINA TEIXIDOR<\/strong> _ Direcci\u00f3n administrativa y log\u00edstica<\/p>\n<p><strong>SARAH GOODCHILD ROBB _ <\/strong>Responsable del acompa\u00f1amiento en residencia<\/p>\n<p><strong>ANA NEMIROVSKY _ <\/strong>Comunicaci\u00f3n<\/p>\n<p><strong>ELY DAOU _ <\/strong>Coordinaci\u00f3n de comunidad y t\u00e9cnico<\/p>\n<p>&nbsp;<\/p>\n<p><b>Artista o Escritor.a \/ Colaboradores 2026: <\/b>Rafael Duarte, Michael McMahon, Mar\u00eda Vilchez, Judit Luna and Vlada Predelina<\/p>\n<p>&nbsp;<\/p>\n<p><strong>Can Serrat es miembro de:<\/strong><\/p>\n<p><a href=\"https:\/\/www.xarxaprod.cat\/p\/1\/cat\/INICI\" target=\"_blank\" rel=\"attachment noopener wp-att-3180 noreferrer\"><img decoding=\"async\" loading=\"lazy\" class=\"alignnone wp-image-3180\" src=\"http:\/\/canserrat.org\/wp-content\/uploads\/2016\/03\/logo.png\" alt=\"logo\" width=\"156\" height=\"61\" \/><\/a><\/p>\n<p>&nbsp;<\/p>\n<p><strong>TAV_CC\u00a0<\/strong>&#8211; <a href=\"https:\/\/taulaartsvisualscc.wordpress.com\" target=\"_blank\" rel=\"noopener noreferrer\">https:\/\/taulaartsvisualscc.wordpress.com<\/a><br \/>\nLa Mesa de las Artes visuales de Catalu\u00f1a Central es una entidad aut\u00f3noma que recoge la inquietud de varios agentes de la vida cultural de las comarcas centrales para dar visibilidad a los proyectos del sector de las artes visuales.<\/p>\n<p>&nbsp;<\/p>\n<p>&nbsp;<\/p>\n<p><em>Miembros Honor\u00edficos<\/em><\/p>\n<p><strong>DANIEL MORENO ROLD\u00c1N<\/strong><\/p>\n<p><strong>NIHAL MUMCU<\/strong><\/p>\n<p><strong>ANNA PAHISSA<\/strong><\/p>\n<p><strong>ANNE TONE LIE\u00a0<\/strong><\/p>\n<p>&nbsp;","protected":false},"excerpt":{"rendered":"<p>SOPHIE BLAIS _ Direcci\u00f3n general i art\u00edstica GEORGINA TEIXIDOR _ Direcci\u00f3n administrativa y log\u00edstica SARAH GOODCHILD ROBB _ Responsable del acompa\u00f1amiento en residencia ANA NEMIROVSKY _ Comunicaci\u00f3n ELY DAOU _ Coordinaci\u00f3n de comunidad y t\u00e9cnico &nbsp; Artista o Escritor.a \/ &hellip; <a href=\"https:\/\/canserrat.org\/es\/about\/team\">Continuar<\/a><\/p>\n","protected":false},"author":3,"featured_media":0,"parent":2,"menu_order":0,"comment_status":"closed","ping_status":"closed","template":"","meta":{"_monsterinsights_skip_tracking":false,"_monsterinsights_sitenote_active":false,"_monsterinsights_sitenote_note":"","_monsterinsights_sitenote_category":0,"footnotes":""},"_links":{"self":[{"href":"https:\/\/canserrat.org\/es\/wp-json\/wp\/v2\/pages\/153"}],"collection":[{"href":"https:\/\/canserrat.org\/es\/wp-json\/wp\/v2\/pages"}],"about":[{"href":"https:\/\/canserrat.org\/es\/wp-json\/wp\/v2\/types\/page"}],"author":[{"embeddable":true,"href":"https:\/\/canserrat.org\/es\/wp-json\/wp\/v2\/users\/3"}],"replies":[{"embeddable":true,"href":"https:\/\/canserrat.org\/es\/wp-json\/wp\/v2\/comments?post=153"}],"version-history":[{"count":91,"href":"https:\/\/canserrat.org\/es\/wp-json\/wp\/v2\/pages\/153\/revisions"}],"predecessor-version":[{"id":9415,"href":"https:\/\/canserrat.org\/es\/wp-json\/wp\/v2\/pages\/153\/revisions\/9415"}],"up":[{"embeddable":true,"href":"https:\/\/canserrat.org\/es\/wp-json\/wp\/v2\/pages\/2"}],"wp:attachment":[{"href":"https:\/\/canserrat.org\/es\/wp-json\/wp\/v2\/media?parent=153"}],"curies":[{"name":"wp","href":"https:\/\/api.w.org\/{rel}","templated":true}]}}

<strong>SOPHIE BLAIS</strong> _ <span style="font-weight: 400;">Dirección general i artística</span></p>
<p><strong>GEORGINA TEIXIDOR</strong> _ Dirección administrativa y logística</p>
<p><strong>SARAH GOODCHILD ROBB _ </strong>Responsable del acompañamiento en residencia</p>
<p><strong>ANA NEMIROVSKY _ </strong>Comunicación</p>
<p><strong>ELY DAOU _ </strong>Coordinación de comunidad y técnico</p>
<p>&nbsp;</p>
<p><b>Artista o Escritor.a / Colaboradores 2026: </b>Rafael Duarte, Michael McMahon, María Vilchez, Judit Luna and Vlada Predelina</p>
<p>&nbsp;</p>
<p><strong>Can Serrat es miembro de:</strong></p>
<p><a href="https://www.xarxaprod.cat/p/1/cat/INICI" target="_blank" rel="attachment noopener wp-att-3180 noreferrer"><img decoding="async" loading="lazy" class="alignnone wp-image-3180" src="http://canserrat.org/wp-content/uploads/2016/03/logo.png" alt="logo" width="156" height="61" /></a></p>
<p>&nbsp;</p>
<p><strong>TAV_CC </strong>&#8211; <a href="https://taulaartsvisualscc.wordpress.com" target="_blank" rel="noopener noreferrer">https://taulaartsvisualscc.wordpress.com</a><br />
La Mesa de las Artes visuales de Cataluña Central es una entidad autónoma que recoge la inquietud de varios agentes de la vida cultural de las comarcas centrales para dar visibilidad a los proyectos del sector de las artes visuales.</p>
<p>&nbsp;</p>
<p>&nbsp;</p>
<p><em>Miembros Honoríficos</em></p>
<p><strong>DANIEL MORENO ROLDÁN</strong></p>
<p><strong>NIHAL MUMCU</strong></p>
<p><strong>ANNA PAHISSA</strong></p>
<p><strong>ANNE TONE LIE </strong></p>
<p>&nbsp;

<p>SOPHIE BLAIS _ Dirección general i artística GEORGINA TEIXIDOR _ Dirección administrativa y logística SARAH GOODCHILD ROBB _ Responsable del acompañamiento en residencia ANA NEMIROVSKY _ Comunicación ELY DAOU _ Coordinación de comunidad y técnico &nbsp; Artista o Escritor.a / &hellip; <a href="https://canserrat.org/es/about/team">Continuar</a></p>
