{"id":9185,"date":"2025-10-09T13:54:52","date_gmt":"2025-10-09T13:54:52","guid":{"rendered":"https:\/\/canserrat.org\/?page_id=9185"},"modified":"2025-10-10T12:09:12","modified_gmt":"2025-10-10T12:09:12","slug":"co-pilot","status":"publish","type":"page","link":"http:\/\/canserrat.org\/ca\/espanol-cruceros\/co-pilot","title":{"rendered":"CO-PILOT"},"content":{"rendered":"<p data-start=\"132\" data-end=\"389\"><img decoding=\"async\" loading=\"lazy\" class=\" wp-image-9227 aligncenter\" src=\"http:\/\/canserrat.org\/wp-content\/uploads\/2025\/10\/POST-2-240x300.png\" alt=\"\" width=\"298\" height=\"373\" srcset=\"http:\/\/canserrat.org\/wp-content\/uploads\/2025\/10\/POST-2-240x300.png 240w, http:\/\/canserrat.org\/wp-content\/uploads\/2025\/10\/POST-2-819x1024.png 819w, http:\/\/canserrat.org\/wp-content\/uploads\/2025\/10\/POST-2.png 1080w\" sizes=\"(max-width: 298px) 100vw, 298px\" \/><\/p>\n<p data-start=\"132\" data-end=\"389\">Sessi\u00f3 individualitzada amb un <em data-start=\"163\" data-end=\"170\">coach<\/em> per acompanyar un moment espec\u00edfic de la carrera art\u00edstica o liter\u00e0ria. Les sessions ofereixen suport emocional, faciliten el desenvolupament professional i permeten que les persones assoleixin les seves aspiracions.<\/p>\n<p data-start=\"391\" data-end=\"600\">Co-pilot \u00e9s la tutoria ideal si busques un acompanyament a mitj\u00e0 termini, un copilot per a un tram del cam\u00ed. <em data-start=\"504\" data-end=\"514\">Co-pilot<\/em> \u00e9s alg\u00fa que t\u2019agafa la m\u00e0 i et d\u00f3na la confian\u00e7a necess\u00e0ria per continuar avan\u00e7ant.<\/p>\n<p data-start=\"602\" data-end=\"719\">Les sessions s\u00f3n d\u20191 hora (la primera sessi\u00f3, 1 hora i 30 minuts). Es recomana fer-ne com a m\u00ednim cinc.<\/p>\n<p>Primera sessi\u00f3 80 \u20ac (1h30) \u2013 despr\u00e9s, 60 \u20ac<\/p>\n<p>&nbsp;<\/p>\n<p><b>TUTORS:<\/b><\/p>\n<p><b>SOPHIE BLAIS<\/b><b><br \/>\n<\/b><i><span style=\"font-weight: 400;\">Idiomes: angl\u00e8s, franc\u00e8s, espanyol, catal\u00e0<\/span><\/i><\/p>\n<p><span style=\"font-weight: 400;\">Sophie \u00e9s gestora cultural i directora a Can Serrat, va estudiar arts visuals a la Universitat d&#8217;Estrasburg i fotografia a l&#8217;escola ICART-Photo de Par\u00eds. Va completar m\u00e0sters en estudis cinematogr\u00e0fics i fotogr\u00e0fics, i gesti\u00f3 + mediaci\u00f3 cultural a la Universitat Louis Lumi\u00e8re de Li\u00f3. Entre el 2010 i el 2015, va treballar com a fot\u00f2grafa per a un diari regional i com a mediadora en l&#8217;\u00e0mbit de l&#8217;art contemporani, la literatura i l&#8217;edici\u00f3. Ha col\u00b7laborat amb el Museu Nic\u00e9phore Niepce, el Centre d&#8217;Art LUX, Les Rencontres Internationales de la Photographie d&#8217;Arles, i Le Creux de l&#8217;Enfer.<\/span><\/p>\n<p><span style=\"font-weight: 400;\">Des del 2015, treballa a Can Serrat centrant-se en obtenir finan\u00e7ament p\u00fablic per a la resid\u00e8ncia i els artistes\/escriptors residents. Sophie tamb\u00e9 ha establert col\u00b7laboracions amb diversos programes culturals i educatius a nivell nacional i internacional, amb l&#8217;objectiu de millorar el proc\u00e9s de mentoria creativa per a artistes i escriptors residents. Col\u00b7laboracions destacades inclouen Artists at Risk, Artist Protection Fund, el Ministeri de Cultura de Taipei, i EESI Poitiers-Angoul\u00eame.<\/span><\/p>\n<p><span style=\"font-weight: 400;\">Des del 2020, amb la creaci\u00f3 del programa REMOTA en col\u00b7laboraci\u00f3 amb guion_bajo, Sophie ha mostrat inter\u00e8s per expandir la cura comunit\u00e0ria i la mentoria de processos per a artistes i escriptors. A m\u00e9s, com a part de la seva recerca i inter\u00e8s personal en el desenvolupament del programa CRUCERO, va seguir un proc\u00e9s de coaching professional de tres mesos el 2022 amb un recent graduat del programa de certificaci\u00f3 de HEC.<\/span><\/p>\n<p>&nbsp;<\/p>\n<p><span style=\"font-weight: 400;\"><b>ELY DAOU<\/b><b><br \/>\n<\/b><i>Idiomes: angl\u00e8s, franc\u00e8s<\/i><\/span><\/p>\n<p data-start=\"1680\" data-end=\"2118\">La seva obra explora la condici\u00f3 humana i l\u2019experi\u00e8ncia de la persist\u00e8ncia. Sovint parteix de preguntes, h\u00e0bits i dades personals, desenvolupant processos de llarga durada que es despleguen a trav\u00e9s d\u2019accions i resultats visuals. La seva pr\u00e0ctica inclou performance i treballs conceptuals definits per regles autoimposades estrictes, que sovint s\u2019apropen deliberadament a l\u2019absurd: repetir sense prop\u00f2sit, continuar m\u00e9s enll\u00e0 de la ra\u00f3.<\/p>\n<p data-start=\"2120\" data-end=\"2367\">M\u00e9s que oferir respostes o resultats, el seu treball abra\u00e7a la contradicci\u00f3 i deixa que el gest parli per si mateix. Es resisteix als significats imposats i genera un espai per a la incertesa, mentre l\u2019acci\u00f3 continua sense necessitat d\u2019un motiu.<\/p>\n<p data-start=\"2369\" data-end=\"2607\">Fa m\u00e9s d\u2019una d\u00e8cada que treballa a temps complet com a artista independent, sense una base fixa ni ingressos estables, rebutjant conscientment rols que comprometin el seu temps o redueixin la seva pr\u00e0ctica a una l\u00f2gica de productivitat.<\/p>\n<p data-start=\"2609\" data-end=\"3028\">Tamb\u00e9 t\u00e9 experi\u00e8ncia en tutories i acompanyament cr\u00edtic d\u2019artistes, entre d\u2019altres al <em data-start=\"2695\" data-end=\"2725\">Met\u00e0fora Studio Arts Program<\/em> i a la resid\u00e8ncia art\u00edstica <em data-start=\"2754\" data-end=\"2766\">Can Serrat<\/em>, on el seu enfocament promou la reflexi\u00f3, la claredat d\u2019intenci\u00f3 i la llibertat de romandre en el dubte. A m\u00e9s, ha format part de jurats de selecci\u00f3 per a resid\u00e8ncies i convocat\u00f2ries, aportant la mateixa atenci\u00f3 i cura en l\u2019avaluaci\u00f3 de propostes art\u00edstiques.<\/p>\n<p>&nbsp;<\/p>\n<p><b>TAMY KOGAN<\/b><b><br \/>\n<\/b><i><span style=\"font-weight: 400;\">Idiomes: espanyol, angl\u00e8s<\/span><\/i><\/p>\n<p><span style=\"font-weight: 400;\">Tamy (ellxs) \u00e9s psic\u00f2legx, escriptorx i artista d&#8217;Argentina que porta a terme una pr\u00e0ctica transdisciplin\u00e0ria centrada en la identitat i situada a la intersecci\u00f3 de l&#8217;artivisme, els drets humans, les diversitats i la salut mental. Va comen\u00e7ar a treballar en psicologia cl\u00ednica el 2012 i s&#8217;ha convertit en referent de g\u00e8nere en diversos \u00e0mbits, com la Xarxa de Psic\u00f2logxs Feministes d&#8217;Argentina, acompanyant persones de la comunitat LGBTQ+, no mon\u00f2gama, artistes, escriptors, persones que viuen a l&#8217;estranger i identitats dissidents.<\/span><\/p>\n<p><span style=\"font-weight: 400;\">Tamy integra les arts i la psicologia considerant el proc\u00e9s terap\u00e8utic com un proc\u00e9s creatiu en si mateix, i facilitant espais oberts co-creats on \u00e9s possible aportar qualsevol pe\u00e7a art\u00edstica o expressiva per treballar. Treballant des d\u2019una perspectiva de despatologitzaci\u00f3 i descentratge del poder, considera que cada persona \u00e9s experta en si mateixa i la seva vida, i acompanya aquests camins mitjan\u00e7ant converses terap\u00e8utiques, pr\u00e0ctiques narratives, t\u00e8cniques corporals i diferents enfocaments psicol\u00f2gics d&#8217;acord amb la singularitat i prefer\u00e8ncies de la persona\/situaci\u00f3. Pots consultar m\u00e9s sobre el treball de Tamy aqu\u00ed:<\/span><a href=\"https:\/\/tamarakogan.webflow.io\/bio\"> <i><span style=\"font-weight: 400;\">https:\/\/tamarakogan.webflow.io\/bio<\/span><\/i><\/a><span style=\"font-weight: 400;\">.<\/span><\/p>\n<p><span style=\"font-weight: 400;\">\u00a0<\/span><\/p>\n<p><b>DORIAN BRAUN<\/b><b><br \/>\n<\/b><i><span style=\"font-weight: 400;\">Idiomes: angl\u00e8s.<\/span><\/i><\/p>\n<p><span style=\"font-weight: 400;\">La seva formaci\u00f3 principal \u00e9s en coaching del desenvolupament, i t\u00e9 una acreditaci\u00f3 de Practicant S\u00e8nior amb el Consell Europeu de Mentoria i Coaching (EMCC). Va obtenir una Distinci\u00f3 a nivell de m\u00e0ster en Coaching i Mentoria a la Universitat Oxford Brooks, i ha presentat la seva investigaci\u00f3 a la Confer\u00e8ncia Internacional de Coaching i Mentoria. A m\u00e9s, els seus articles s&#8217;han publicat a la revista l\u00edder entre professionals, Coaching at Work, i a la revista acad\u00e8mica International Journal of Evidence-Based Coaching and Mentoring.<\/span><\/p>\n<p><span style=\"font-weight: 400;\">Com a artista, Dorian es va graduar amb honors de 1a classe en Belles Arts a Duncan of Jordanstone College of Art, i a partir d&#8217;aqu\u00ed va rebre m\u00faltiples premis, incloent el Friends of the Royal Scottish Academy i la John Kinross Scholarship (tamb\u00e9 de la RSA). Despr\u00e9s de la beca, va exposar per tota Europa i Esc\u00f2cia, incloent el RSA New Contemporaries i el Platform a Edimburg, aix\u00ed com la Biennal de Twente a Holanda. Recentment, va completar una resid\u00e8ncia amb el Bothy Project a l&#8217;illa de Eigg el 2022. Actualment treballa com a coach i \u00e9s un dels directors fundadors de Kinder Croft CIC, una escola forestal a la costa nord-oest d&#8217;Esc\u00f2cia. Tamb\u00e9 va ser un dels directors fundadors de The Project Caf\u00e9 CIC, una organitzaci\u00f3 d&#8217;art comunitari al centre de Glasgow.<\/span><\/p>\n<p>&nbsp;","protected":false},"excerpt":{"rendered":"<p>Sessi\u00f3 individualitzada amb un coach per acompanyar un moment espec\u00edfic de la carrera art\u00edstica o liter\u00e0ria. Les sessions ofereixen suport emocional, faciliten el desenvolupament professional i permeten que les persones assoleixin les seves aspiracions. Co-pilot \u00e9s la tutoria ideal si &hellip; <a href=\"http:\/\/canserrat.org\/ca\/espanol-cruceros\/co-pilot\">Continued<\/a><\/p>\n","protected":false},"author":4,"featured_media":0,"parent":7857,"menu_order":0,"comment_status":"closed","ping_status":"closed","template":"","meta":{"_monsterinsights_skip_tracking":false,"_monsterinsights_sitenote_active":false,"_monsterinsights_sitenote_note":"","_monsterinsights_sitenote_category":0,"footnotes":""},"_links":{"self":[{"href":"http:\/\/canserrat.org\/ca\/wp-json\/wp\/v2\/pages\/9185"}],"collection":[{"href":"http:\/\/canserrat.org\/ca\/wp-json\/wp\/v2\/pages"}],"about":[{"href":"http:\/\/canserrat.org\/ca\/wp-json\/wp\/v2\/types\/page"}],"author":[{"embeddable":true,"href":"http:\/\/canserrat.org\/ca\/wp-json\/wp\/v2\/users\/4"}],"replies":[{"embeddable":true,"href":"http:\/\/canserrat.org\/ca\/wp-json\/wp\/v2\/comments?post=9185"}],"version-history":[{"count":6,"href":"http:\/\/canserrat.org\/ca\/wp-json\/wp\/v2\/pages\/9185\/revisions"}],"predecessor-version":[{"id":9247,"href":"http:\/\/canserrat.org\/ca\/wp-json\/wp\/v2\/pages\/9185\/revisions\/9247"}],"up":[{"embeddable":true,"href":"http:\/\/canserrat.org\/ca\/wp-json\/wp\/v2\/pages\/7857"}],"wp:attachment":[{"href":"http:\/\/canserrat.org\/ca\/wp-json\/wp\/v2\/media?parent=9185"}],"curies":[{"name":"wp","href":"https:\/\/api.w.org\/{rel}","templated":true}]}}

<p data-start="132" data-end="389"><img decoding="async" loading="lazy" class=" wp-image-9227 aligncenter" src="http://canserrat.org/wp-content/uploads/2025/10/POST-2-240x300.png" alt="" width="298" height="373" srcset="http://canserrat.org/wp-content/uploads/2025/10/POST-2-240x300.png 240w, http://canserrat.org/wp-content/uploads/2025/10/POST-2-819x1024.png 819w, http://canserrat.org/wp-content/uploads/2025/10/POST-2.png 1080w" sizes="(max-width: 298px) 100vw, 298px" /></p>
<p data-start="132" data-end="389">Sessió individualitzada amb un <em data-start="163" data-end="170">coach</em> per acompanyar un moment específic de la carrera artística o literària. Les sessions ofereixen suport emocional, faciliten el desenvolupament professional i permeten que les persones assoleixin les seves aspiracions.</p>
<p data-start="391" data-end="600">Co-pilot és la tutoria ideal si busques un acompanyament a mitjà termini, un copilot per a un tram del camí. <em data-start="504" data-end="514">Co-pilot</em> és algú que t’agafa la mà i et dóna la confiança necessària per continuar avançant.</p>
<p data-start="602" data-end="719">Les sessions són d’1 hora (la primera sessió, 1 hora i 30 minuts). Es recomana fer-ne com a mínim cinc.</p>
<p>Primera sessió 80 € (1h30) – després, 60 €</p>
<p>&nbsp;</p>
<p><b>TUTORS:</b></p>
<p><b>SOPHIE BLAIS</b><b><br />
</b><i><span style="font-weight: 400;">Idiomes: anglès, francès, espanyol, català</span></i></p>
<p><span style="font-weight: 400;">Sophie és gestora cultural i directora a Can Serrat, va estudiar arts visuals a la Universitat d&#8217;Estrasburg i fotografia a l&#8217;escola ICART-Photo de París. Va completar màsters en estudis cinematogràfics i fotogràfics, i gestió + mediació cultural a la Universitat Louis Lumière de Lió. Entre el 2010 i el 2015, va treballar com a fotògrafa per a un diari regional i com a mediadora en l&#8217;àmbit de l&#8217;art contemporani, la literatura i l&#8217;edició. Ha col·laborat amb el Museu Nicéphore Niepce, el Centre d&#8217;Art LUX, Les Rencontres Internationales de la Photographie d&#8217;Arles, i Le Creux de l&#8217;Enfer.</span></p>
<p><span style="font-weight: 400;">Des del 2015, treballa a Can Serrat centrant-se en obtenir finançament públic per a la residència i els artistes/escriptors residents. Sophie també ha establert col·laboracions amb diversos programes culturals i educatius a nivell nacional i internacional, amb l&#8217;objectiu de millorar el procés de mentoria creativa per a artistes i escriptors residents. Col·laboracions destacades inclouen Artists at Risk, Artist Protection Fund, el Ministeri de Cultura de Taipei, i EESI Poitiers-Angoulême.</span></p>
<p><span style="font-weight: 400;">Des del 2020, amb la creació del programa REMOTA en col·laboració amb guion_bajo, Sophie ha mostrat interès per expandir la cura comunitària i la mentoria de processos per a artistes i escriptors. A més, com a part de la seva recerca i interès personal en el desenvolupament del programa CRUCERO, va seguir un procés de coaching professional de tres mesos el 2022 amb un recent graduat del programa de certificació de HEC.</span></p>
<p>&nbsp;</p>
<p><span style="font-weight: 400;"><b>ELY DAOU</b><b><br />
</b><i>Idiomes: anglès, francès</i></span></p>
<p data-start="1680" data-end="2118">La seva obra explora la condició humana i l’experiència de la persistència. Sovint parteix de preguntes, hàbits i dades personals, desenvolupant processos de llarga durada que es despleguen a través d’accions i resultats visuals. La seva pràctica inclou performance i treballs conceptuals definits per regles autoimposades estrictes, que sovint s’apropen deliberadament a l’absurd: repetir sense propòsit, continuar més enllà de la raó.</p>
<p data-start="2120" data-end="2367">Més que oferir respostes o resultats, el seu treball abraça la contradicció i deixa que el gest parli per si mateix. Es resisteix als significats imposats i genera un espai per a la incertesa, mentre l’acció continua sense necessitat d’un motiu.</p>
<p data-start="2369" data-end="2607">Fa més d’una dècada que treballa a temps complet com a artista independent, sense una base fixa ni ingressos estables, rebutjant conscientment rols que comprometin el seu temps o redueixin la seva pràctica a una lògica de productivitat.</p>
<p data-start="2609" data-end="3028">També té experiència en tutories i acompanyament crític d’artistes, entre d’altres al <em data-start="2695" data-end="2725">Metàfora Studio Arts Program</em> i a la residència artística <em data-start="2754" data-end="2766">Can Serrat</em>, on el seu enfocament promou la reflexió, la claredat d’intenció i la llibertat de romandre en el dubte. A més, ha format part de jurats de selecció per a residències i convocatòries, aportant la mateixa atenció i cura en l’avaluació de propostes artístiques.</p>
<p>&nbsp;</p>
<p><b>TAMY KOGAN</b><b><br />
</b><i><span style="font-weight: 400;">Idiomes: espanyol, anglès</span></i></p>
<p><span style="font-weight: 400;">Tamy (ellxs) és psicòlegx, escriptorx i artista d&#8217;Argentina que porta a terme una pràctica transdisciplinària centrada en la identitat i situada a la intersecció de l&#8217;artivisme, els drets humans, les diversitats i la salut mental. Va començar a treballar en psicologia clínica el 2012 i s&#8217;ha convertit en referent de gènere en diversos àmbits, com la Xarxa de Psicòlogxs Feministes d&#8217;Argentina, acompanyant persones de la comunitat LGBTQ+, no monògama, artistes, escriptors, persones que viuen a l&#8217;estranger i identitats dissidents.</span></p>
<p><span style="font-weight: 400;">Tamy integra les arts i la psicologia considerant el procés terapèutic com un procés creatiu en si mateix, i facilitant espais oberts co-creats on és possible aportar qualsevol peça artística o expressiva per treballar. Treballant des d’una perspectiva de despatologització i descentratge del poder, considera que cada persona és experta en si mateixa i la seva vida, i acompanya aquests camins mitjançant converses terapèutiques, pràctiques narratives, tècniques corporals i diferents enfocaments psicològics d&#8217;acord amb la singularitat i preferències de la persona/situació. Pots consultar més sobre el treball de Tamy aquí:</span><a href="https://tamarakogan.webflow.io/bio"> <i><span style="font-weight: 400;">https://tamarakogan.webflow.io/bio</span></i></a><span style="font-weight: 400;">.</span></p>
<p><span style="font-weight: 400;"> </span></p>
<p><b>DORIAN BRAUN</b><b><br />
</b><i><span style="font-weight: 400;">Idiomes: anglès.</span></i></p>
<p><span style="font-weight: 400;">La seva formació principal és en coaching del desenvolupament, i té una acreditació de Practicant Sènior amb el Consell Europeu de Mentoria i Coaching (EMCC). Va obtenir una Distinció a nivell de màster en Coaching i Mentoria a la Universitat Oxford Brooks, i ha presentat la seva investigació a la Conferència Internacional de Coaching i Mentoria. A més, els seus articles s&#8217;han publicat a la revista líder entre professionals, Coaching at Work, i a la revista acadèmica International Journal of Evidence-Based Coaching and Mentoring.</span></p>
<p><span style="font-weight: 400;">Com a artista, Dorian es va graduar amb honors de 1a classe en Belles Arts a Duncan of Jordanstone College of Art, i a partir d&#8217;aquí va rebre múltiples premis, incloent el Friends of the Royal Scottish Academy i la John Kinross Scholarship (també de la RSA). Després de la beca, va exposar per tota Europa i Escòcia, incloent el RSA New Contemporaries i el Platform a Edimburg, així com la Biennal de Twente a Holanda. Recentment, va completar una residència amb el Bothy Project a l&#8217;illa de Eigg el 2022. Actualment treballa com a coach i és un dels directors fundadors de Kinder Croft CIC, una escola forestal a la costa nord-oest d&#8217;Escòcia. També va ser un dels directors fundadors de The Project Café CIC, una organització d&#8217;art comunitari al centre de Glasgow.</span></p>
<p>&nbsp;

<p>Sessió individualitzada amb un coach per acompanyar un moment específic de la carrera artística o literària. Les sessions ofereixen suport emocional, faciliten el desenvolupament professional i permeten que les persones assoleixin les seves aspiracions. Co-pilot és la tutoria ideal si &hellip; <a href="http://canserrat.org/ca/espanol-cruceros/co-pilot">Continued</a></p>
