{"id":4755,"date":"2020-02-13T12:29:41","date_gmt":"2020-02-13T12:29:41","guid":{"rendered":"http:\/\/canserrat.org\/?page_id=4755"},"modified":"2020-03-18T11:07:15","modified_gmt":"2020-03-18T11:07:15","slug":"espanol-2020-2021-ongoing-con-laura-bel-parasitio4","status":"publish","type":"page","link":"http:\/\/canserrat.org\/ca\/parasitio\/espanol-2020-2021-ongoing-con-laura-bel-parasitio4","title":{"rendered":"2020 &#8211; 2021 \/\/ en proc\u00e9s &#8212; amb Laura Bel &#8212; Parasitio#4"},"content":{"rendered":"Per <span style=\"color: #0000ff;\"><a style=\"color: #0000ff;\" href=\"http:\/\/canserrat.org\/es\/parasitio\" target=\"_blank\" rel=\"noopener noreferrer\">Parasitio<\/a><\/span> #3, Can Serrat va convidar Laura Bel a seguir la resid\u00e8ncia i el seu entorn durant tot l&#8217;any 2020.<\/p>\n<p>En aquest moment, Laura esta seguint Can Serrat i a els seus residents, apart de ser membre permanent dels jurats de 2020.<\/p>\n<p>&nbsp;<\/p>\n<p><em>Anirem posant informaci\u00f3 del contingut de l&#8217;activitat que organitzarem durant la primavera de 2021 i de les persones participants, a finals del 2020.<\/em><\/p>\n<p>&nbsp;<\/p>\n<p><strong>Laura Bel<\/strong> es defineix com una activista cultural amb el prop\u00f2sit d&#8217;intervenir en l&#8217;art per propiciar la participaci\u00f3 en la cultura dels col\u00b7lectius que hist\u00f2ricament no hi tenen acc\u00e9s. Actualment est\u00e0 estudiant un Postgrau en Producci\u00f3 i Gesti\u00f3 cultural de festivals. \u00c9s llicenciada en Belles Arts per la Universitat de <em>West England<\/em>, amb especialitzaci\u00f3 en Art i Cultura Visual i formada com a fot\u00f2grafa a IDEP amb un Grau en Fotografia Creativa.<\/p>\n<p>Va guanyar el Premi Injuve de Fotografia el 2002, amb el projecte &#8220;Contaminem l&#8217;aire amb les nostres mitges veritats&#8221;, amb el qual tamb\u00e9 va ser seleccionada per descobriments de PhotoEspa\u00f1a. Durant els anys seg\u00fcents, Laura va compaginar el treball en educaci\u00f3 en el camp de la fotografia a Can Bast\u00e9 i l&#8217;expressi\u00f3 art\u00edstica a l&#8217;Escola d&#8217;Art del seu poble, Esparreguera, amb la curatela d&#8217;exposicions al Centre C\u00edvic de la Barceloneta. Cal destacar l&#8217;exposici\u00f3 sobre l&#8217;Autoretrat Fotogr\u00e0fic el 2003 i la col\u00b7laboraci\u00f3 en les exposicions de tem\u00e0tica feminista al voltant de la celebraci\u00f3 del dia de la Dona.<\/p>\n<p>El 2004 funda amb diversos artistes de l&#8217;escena local el col\u00b7lectiu Obertencanal que tenia com a objectiu ser una plataforma de connexi\u00f3 i promoci\u00f3 dels artistes d&#8217;Esparreguera i rodalies. Amb el col\u00b7lectiu en ple funcionament van realitzar 3 edicions de Festival Obertencanal de l&#8217;any 2004 al 2006.<\/p>\n<p>A Anglaterra, durant els seus estudis de Belles Arts, Laura va formar el col\u00b7lectiu de performance <em>Wilkinson_Bel<\/em>, amb el qual van exposar a Bristol, Londres, Dubl\u00edn i Barcelona i van ser convidades a <em>PACT Zollverein<\/em> (Essen) a participar de les seves jornades <em>Atelier<\/em>.<\/p>\n<p>De tornada a Barcelona el 2009 va iniciar una col\u00b7laboraci\u00f3 amb el festival Lola de teatre on es va fer c\u00e0rrec de la programaci\u00f3 de les Arts Visuals. Al costat de Rafa Haro van curar les exposicions, apropiaci\u00f3 In-Deguda, LOL i Caminant, a l&#8217;Espai d&#8217;Art i Creaci\u00f3 Muxart a Martorell i van realitzar m\u00faltiples accions art\u00edstiques als carrers dels pobles del Baix Llobregat.<\/p>\n<p>El 2014 es va traslladar a viure a Xile on va guarir l&#8217;exposici\u00f3 <em>Free Time<\/em> al Centre Cultural Estaci\u00f3 Mapocho i va produir la setmana de Programadors Internacionals del Festival Santiago a Mil. Al 2017 va ser guardonada per l&#8217;Institut Nord-americ\u00e0 per l&#8217;aportaci\u00f3 cultural a la ciutat de Valpara\u00edso. Durant el seu temps a Xile va produir m\u00e9s de 50 esdeveniments i festivals relacionats amb el m\u00f3n del Swing i la cultura vintage, entre ells els m\u00e9s reconeguts van ser el <em>Swingtiago Lindy Weekend<\/em> amb 4 edicions i l&#8217;esdeveniment anual dedicat a la cultura Tiki al Centre Cultural Diana.<\/p>\n<p>Actualment est\u00e0 treballant en un projecte centrat en el desenvolupament de la Cultura i l&#8217;Art en el Medi Rural, a m\u00e9s de gestionar la coordinaci\u00f3 de <a href=\"https:\/\/www.xarxaprod.cat\" target=\"_blank\" rel=\"noopener noreferrer\">Xarxaprod<\/a>, xarxa d&#8217;espais de creaci\u00f3 i producci\u00f3 de Catalunya.","protected":false},"excerpt":{"rendered":"<p>Per Parasitio #3, Can Serrat va convidar Laura Bel a seguir la resid\u00e8ncia i el seu entorn durant tot l&#8217;any 2020. En aquest moment, Laura esta seguint Can Serrat i a els seus residents, apart de ser membre permanent dels &hellip; <a href=\"http:\/\/canserrat.org\/ca\/parasitio\/espanol-2020-2021-ongoing-con-laura-bel-parasitio4\">Continued<\/a><\/p>\n","protected":false},"author":3,"featured_media":0,"parent":2878,"menu_order":0,"comment_status":"closed","ping_status":"closed","template":"","meta":{"_monsterinsights_skip_tracking":false,"_monsterinsights_sitenote_active":false,"_monsterinsights_sitenote_note":"","_monsterinsights_sitenote_category":0,"footnotes":""},"_links":{"self":[{"href":"http:\/\/canserrat.org\/ca\/wp-json\/wp\/v2\/pages\/4755"}],"collection":[{"href":"http:\/\/canserrat.org\/ca\/wp-json\/wp\/v2\/pages"}],"about":[{"href":"http:\/\/canserrat.org\/ca\/wp-json\/wp\/v2\/types\/page"}],"author":[{"embeddable":true,"href":"http:\/\/canserrat.org\/ca\/wp-json\/wp\/v2\/users\/3"}],"replies":[{"embeddable":true,"href":"http:\/\/canserrat.org\/ca\/wp-json\/wp\/v2\/comments?post=4755"}],"version-history":[{"count":9,"href":"http:\/\/canserrat.org\/ca\/wp-json\/wp\/v2\/pages\/4755\/revisions"}],"predecessor-version":[{"id":5053,"href":"http:\/\/canserrat.org\/ca\/wp-json\/wp\/v2\/pages\/4755\/revisions\/5053"}],"up":[{"embeddable":true,"href":"http:\/\/canserrat.org\/ca\/wp-json\/wp\/v2\/pages\/2878"}],"wp:attachment":[{"href":"http:\/\/canserrat.org\/ca\/wp-json\/wp\/v2\/media?parent=4755"}],"curies":[{"name":"wp","href":"https:\/\/api.w.org\/{rel}","templated":true}]}}

2020 &#8211; 2021 // en procés &#8212; amb Laura Bel &#8212; Parasitio#4

Per <span style="color: #0000ff;"><a style="color: #0000ff;" href="http://canserrat.org/es/parasitio" target="_blank" rel="noopener noreferrer">Parasitio</a></span> #3, Can Serrat va convidar Laura Bel a seguir la residència i el seu entorn durant tot l&#8217;any 2020.</p>
<p>En aquest moment, Laura esta seguint Can Serrat i a els seus residents, apart de ser membre permanent dels jurats de 2020.</p>
<p>&nbsp;</p>
<p><em>Anirem posant informació del contingut de l&#8217;activitat que organitzarem durant la primavera de 2021 i de les persones participants, a finals del 2020.</em></p>
<p>&nbsp;</p>
<p><strong>Laura Bel</strong> es defineix com una activista cultural amb el propòsit d&#8217;intervenir en l&#8217;art per propiciar la participació en la cultura dels col·lectius que històricament no hi tenen accés. Actualment està estudiant un Postgrau en Producció i Gestió cultural de festivals. És llicenciada en Belles Arts per la Universitat de <em>West England</em>, amb especialització en Art i Cultura Visual i formada com a fotògrafa a IDEP amb un Grau en Fotografia Creativa.</p>
<p>Va guanyar el Premi Injuve de Fotografia el 2002, amb el projecte &#8220;Contaminem l&#8217;aire amb les nostres mitges veritats&#8221;, amb el qual també va ser seleccionada per descobriments de PhotoEspaña. Durant els anys següents, Laura va compaginar el treball en educació en el camp de la fotografia a Can Basté i l&#8217;expressió artística a l&#8217;Escola d&#8217;Art del seu poble, Esparreguera, amb la curatela d&#8217;exposicions al Centre Cívic de la Barceloneta. Cal destacar l&#8217;exposició sobre l&#8217;Autoretrat Fotogràfic el 2003 i la col·laboració en les exposicions de temàtica feminista al voltant de la celebració del dia de la Dona.</p>
<p>El 2004 funda amb diversos artistes de l&#8217;escena local el col·lectiu Obertencanal que tenia com a objectiu ser una plataforma de connexió i promoció dels artistes d&#8217;Esparreguera i rodalies. Amb el col·lectiu en ple funcionament van realitzar 3 edicions de Festival Obertencanal de l&#8217;any 2004 al 2006.</p>
<p>A Anglaterra, durant els seus estudis de Belles Arts, Laura va formar el col·lectiu de performance <em>Wilkinson_Bel</em>, amb el qual van exposar a Bristol, Londres, Dublín i Barcelona i van ser convidades a <em>PACT Zollverein</em> (Essen) a participar de les seves jornades <em>Atelier</em>.</p>
<p>De tornada a Barcelona el 2009 va iniciar una col·laboració amb el festival Lola de teatre on es va fer càrrec de la programació de les Arts Visuals. Al costat de Rafa Haro van curar les exposicions, apropiació In-Deguda, LOL i Caminant, a l&#8217;Espai d&#8217;Art i Creació Muxart a Martorell i van realitzar múltiples accions artístiques als carrers dels pobles del Baix Llobregat.</p>
<p>El 2014 es va traslladar a viure a Xile on va guarir l&#8217;exposició <em>Free Time</em> al Centre Cultural Estació Mapocho i va produir la setmana de Programadors Internacionals del Festival Santiago a Mil. Al 2017 va ser guardonada per l&#8217;Institut Nord-americà per l&#8217;aportació cultural a la ciutat de Valparaíso. Durant el seu temps a Xile va produir més de 50 esdeveniments i festivals relacionats amb el món del Swing i la cultura vintage, entre ells els més reconeguts van ser el <em>Swingtiago Lindy Weekend</em> amb 4 edicions i l&#8217;esdeveniment anual dedicat a la cultura Tiki al Centre Cultural Diana.</p>
<p>Actualment està treballant en un projecte centrat en el desenvolupament de la Cultura i l&#8217;Art en el Medi Rural, a més de gestionar la coordinació de <a href="https://www.xarxaprod.cat" target="_blank" rel="noopener noreferrer">Xarxaprod</a>, xarxa d&#8217;espais de creació i producció de Catalunya.

<p>Per Parasitio #3, Can Serrat va convidar Laura Bel a seguir la residència i el seu entorn durant tot l&#8217;any 2020. En aquest moment, Laura esta seguint Can Serrat i a els seus residents, apart de ser membre permanent dels &hellip; <a href="http://canserrat.org/ca/parasitio/espanol-2020-2021-ongoing-con-laura-bel-parasitio4">Continued</a></p>
