{"id":2068,"date":"2018-02-17T12:20:22","date_gmt":"2018-02-17T12:20:22","guid":{"rendered":"http:\/\/canserrat.org\/?page_id=2068"},"modified":"2025-10-10T13:12:04","modified_gmt":"2025-10-10T13:12:04","slug":"programa-de-residencia","status":"publish","type":"page","link":"http:\/\/canserrat.org\/ca\/programa-de-residencia","title":{"rendered":"Programa de Resid\u00e8ncia"},"content":{"rendered":"<img decoding=\"async\" loading=\"lazy\" class=\" wp-image-8677 aligncenter\" src=\"http:\/\/canserrat.org\/wp-content\/uploads\/2025\/04\/Diseno-sin-titulo-300x194.png\" alt=\"\" width=\"499\" height=\"323\" srcset=\"http:\/\/canserrat.org\/wp-content\/uploads\/2025\/04\/Diseno-sin-titulo-300x194.png 300w, http:\/\/canserrat.org\/wp-content\/uploads\/2025\/04\/Diseno-sin-titulo-1024x664.png 1024w, http:\/\/canserrat.org\/wp-content\/uploads\/2025\/04\/Diseno-sin-titulo-617x400.png 617w, http:\/\/canserrat.org\/wp-content\/uploads\/2025\/04\/Diseno-sin-titulo.png 1080w\" sizes=\"(max-width: 499px) 100vw, 499px\" \/><\/p>\n<p>&nbsp;<\/p>\n<p data-start=\"105\" data-end=\"439\">El programa de resid\u00e8ncia internacional convida a escriptors i artistes contemporanis de tot el m\u00f3n a realitzar estades de curta i mitja durada. Can Serrat obre convocat\u00f2ries durant tot l\u2019any, algunes de les quals inclouen una o dues beques completes i diverses beques parcials, i els projectes seleccionats s\u00f3n valorats per un jurat.<\/p>\n<p data-start=\"441\" data-end=\"587\">Totes les convocat\u00f2ries es publiquen a la p\u00e0gina web, a les xarxes socials i a altres plataformes com Transartist, Art Connect i Call for Entries.<\/p>\n<p data-start=\"589\" data-end=\"1195\">El programa de resid\u00e8ncia dona suport a la creaci\u00f3 art\u00edstica i liter\u00e0ria en proc\u00e9s, oferint temps, espai, seguiment, suport individual i col\u00b7lectiu, i una xarxa professional des del 1989. S\u2019organitzen activitats mensuals per activar la recerca dels projectes en producci\u00f3 i afavorir connexions amb l\u2019entorn: converses, un club de lectura, visites a espais rellevants, un sopar obert a la comunitat local, visites d\u2019estudi i presentacions de projectes, entre d\u2019altres. Les activitats organitzades reflecteixen l\u2019inter\u00e8s per estar presents per processar, investigar, q\u00fcestionar, dubtar, comprendre i debatre.<\/p>\n<p data-start=\"1197\" data-end=\"1350\">Can Serrat \u00e9s un espai ideal per a aquells que busquen un entorn rural tranquil per produir, viure en comunitat, crear xarxes i explorar col\u00b7laboracions.<\/p>\n<p data-start=\"1352\" data-end=\"1471\">No s\u2019espera un producte acabat en finalitzar la resid\u00e8ncia, i no hi ha l\u2019objectiu d\u2019organitzar exposicions en galeries.<\/p>\n<p data-start=\"1473\" data-end=\"1792\">Els residents tenen la llibertat d\u2019organitzar activitats addicionals, i tamb\u00e9 hi ha la possibilitat que el personal organitzi esdeveniments improvisats segons els interessos del grup.<\/p>\n<p data-start=\"1794\" data-end=\"2043\">Com que Can Serrat \u00e9s un espai de treball viu, amb molts individus i grups de pas al llarg de l\u2019any, s\u2019experimenta amb formes sostenibles de mantenir la llar, aix\u00ed com d\u2019estar presents en el contingut del treball i en les pr\u00e0ctiques de cada persona.<\/p>","protected":false},"excerpt":{"rendered":"<p>&nbsp; El programa de resid\u00e8ncia internacional convida a escriptors i artistes contemporanis de tot el m\u00f3n a realitzar estades de curta i mitja durada. Can Serrat obre convocat\u00f2ries durant tot l\u2019any, algunes de les quals inclouen una o dues beques &hellip; <a href=\"http:\/\/canserrat.org\/ca\/programa-de-residencia\">Continued<\/a><\/p>\n","protected":false},"author":3,"featured_media":0,"parent":0,"menu_order":0,"comment_status":"closed","ping_status":"closed","template":"","meta":{"_monsterinsights_skip_tracking":false,"_monsterinsights_sitenote_active":false,"_monsterinsights_sitenote_note":"","_monsterinsights_sitenote_category":0,"footnotes":""},"_links":{"self":[{"href":"http:\/\/canserrat.org\/ca\/wp-json\/wp\/v2\/pages\/2068"}],"collection":[{"href":"http:\/\/canserrat.org\/ca\/wp-json\/wp\/v2\/pages"}],"about":[{"href":"http:\/\/canserrat.org\/ca\/wp-json\/wp\/v2\/types\/page"}],"author":[{"embeddable":true,"href":"http:\/\/canserrat.org\/ca\/wp-json\/wp\/v2\/users\/3"}],"replies":[{"embeddable":true,"href":"http:\/\/canserrat.org\/ca\/wp-json\/wp\/v2\/comments?post=2068"}],"version-history":[{"count":34,"href":"http:\/\/canserrat.org\/ca\/wp-json\/wp\/v2\/pages\/2068\/revisions"}],"predecessor-version":[{"id":9265,"href":"http:\/\/canserrat.org\/ca\/wp-json\/wp\/v2\/pages\/2068\/revisions\/9265"}],"wp:attachment":[{"href":"http:\/\/canserrat.org\/ca\/wp-json\/wp\/v2\/media?parent=2068"}],"curies":[{"name":"wp","href":"https:\/\/api.w.org\/{rel}","templated":true}]}}

Programa de Residència

<img decoding="async" loading="lazy" class=" wp-image-8677 aligncenter" src="http://canserrat.org/wp-content/uploads/2025/04/Diseno-sin-titulo-300x194.png" alt="" width="499" height="323" srcset="http://canserrat.org/wp-content/uploads/2025/04/Diseno-sin-titulo-300x194.png 300w, http://canserrat.org/wp-content/uploads/2025/04/Diseno-sin-titulo-1024x664.png 1024w, http://canserrat.org/wp-content/uploads/2025/04/Diseno-sin-titulo-617x400.png 617w, http://canserrat.org/wp-content/uploads/2025/04/Diseno-sin-titulo.png 1080w" sizes="(max-width: 499px) 100vw, 499px" /></p>
<p>&nbsp;</p>
<p data-start="105" data-end="439">El programa de residència internacional convida a escriptors i artistes contemporanis de tot el món a realitzar estades de curta i mitja durada. Can Serrat obre convocatòries durant tot l’any, algunes de les quals inclouen una o dues beques completes i diverses beques parcials, i els projectes seleccionats són valorats per un jurat.</p>
<p data-start="441" data-end="587">Totes les convocatòries es publiquen a la pàgina web, a les xarxes socials i a altres plataformes com Transartist, Art Connect i Call for Entries.</p>
<p data-start="589" data-end="1195">El programa de residència dona suport a la creació artística i literària en procés, oferint temps, espai, seguiment, suport individual i col·lectiu, i una xarxa professional des del 1989. S’organitzen activitats mensuals per activar la recerca dels projectes en producció i afavorir connexions amb l’entorn: converses, un club de lectura, visites a espais rellevants, un sopar obert a la comunitat local, visites d’estudi i presentacions de projectes, entre d’altres. Les activitats organitzades reflecteixen l’interès per estar presents per processar, investigar, qüestionar, dubtar, comprendre i debatre.</p>
<p data-start="1197" data-end="1350">Can Serrat és un espai ideal per a aquells que busquen un entorn rural tranquil per produir, viure en comunitat, crear xarxes i explorar col·laboracions.</p>
<p data-start="1352" data-end="1471">No s’espera un producte acabat en finalitzar la residència, i no hi ha l’objectiu d’organitzar exposicions en galeries.</p>
<p data-start="1473" data-end="1792">Els residents tenen la llibertat d’organitzar activitats addicionals, i també hi ha la possibilitat que el personal organitzi esdeveniments improvisats segons els interessos del grup.</p>
<p data-start="1794" data-end="2043">Com que Can Serrat és un espai de treball viu, amb molts individus i grups de pas al llarg de l’any, s’experimenta amb formes sostenibles de mantenir la llar, així com d’estar presents en el contingut del treball i en les pràctiques de cada persona.</p>

<p>&nbsp; El programa de residència internacional convida a escriptors i artistes contemporanis de tot el món a realitzar estades de curta i mitja durada. Can Serrat obre convocatòries durant tot l’any, algunes de les quals inclouen una o dues beques &hellip; <a href="http://canserrat.org/ca/programa-de-residencia">Continued</a></p>
